 is the tens digit of 916?
1
What is the thousands digit of 18762?
8
What is the tens digit of 25328?
2
What is the hundreds digit of 1891?
8
What is the hundreds digit of 912?
9
What is the tens digit of 2972?
7
What is the thousands digit of 5601?
5
What is the units digit of 15413?
3
What is the hundreds digit of 238?
2
What is the units digit of 25991?
1
What is the units digit of 1441?
1
What is the units digit of 730?
0
What is the hundreds digit of 529?
5
What is the thousands digit of 163554?
3
What is the tens digit of 12770?
7
What is the thousands digit of 2260?
2
What is the units digit of 25758?
8
What is the ten thousands digit of 109549?
0
What is the hundreds digit of 52746?
7
What is the tens digit of 114?
1
What is the hundreds digit of 40688?
6
What is the ten thousands digit of 20149?
2
What is the tens digit of 884?
8
What is the units digit of 17151?
1
What is the hundreds digit of 49082?
0
What is the units digit of 539?
9
What is the hundreds digit of 1551?
5
What is the ten thousands digit of 27385?
2
What is the hundreds digit of 10357?
3
What is the tens digit of 11942?
4
What is the thousands digit of 1950?
1
What is the thousands digit of 1715?
1
What is the thousands digit of 3277?
3
What is the thousands digit of 4245?
4
What is the units digit of 52352?
2
What is the ten thousands digit of 144174?
4
What is the hundreds digit of 13747?
7
What is the hundreds digit of 980?
9
What is the hundreds digit of 59752?
7
What is the units digit of 4715?
5
What is the tens digit of 1015?
1
What is the units digit of 103446?
6
What is the thousands digit of 15048?
5
What is the hundreds digit of 44840?
8
What is the tens digit of 333?
3
What is the tens digit of 7476?
7
What is the tens digit of 676?
7
What is the tens digit of 6365?
6
What is the hundreds digit of 685?
6
What is the thousands digit of 2183?
2
What is the tens digit of 17340?
4
What is the hundreds digit of 1597?
5
What is the hundreds digit of 618?
6
What is the tens digit of 10211?
1
What is the tens digit of 1017?
1
What is the units digit of 739?
9
What is the tens digit of 308?
0
What is the units digit of 58775?
5
What is the thousands digit of 1943?
1
What is the units digit of 743?
3
What is the tens digit of 7441?
4
What is the ten thousands digit of 17939?
1
What is the tens digit of 474?
7
What is the hundreds digit of 7248?
2
What is the hundreds digit of 2718?
7
What is the tens digit of 1509?
0
What is the thousands digit of 2214?
2
What is the hundreds digit of 2906?
9
What is the ten thousands digit of 37454?
3
What is the thousands digit of 4949?
4
What is the units digit of 26233?
3
What is the thousands digit of 13817?
3
What is the tens digit of 1425?
2
What is the units digit of 3884?
4
What is the units digit of 704?
4
What is the tens digit of 479?
7
What is the units digit of 2336?
6
What is the units digit of 1022?
2
What is the thousands digit of 2303?
2
What is the thousands digit of 28544?
8
What is the hundreds digit of 1069?
0
What is the ten thousands digit of 10942?
1
What is the thousands digit of 9742?
9
What is the tens digit of 5464?
6
What is the units digit of 3410?
0
What is the hundreds digit of 3550?
5
What is the hundreds digit of 559?
5
What is the ten thousands digit of 31173?
3
What is the tens digit of 3218?
1
What is the hundreds digit of 100141?
1
What is the thousands digit of 31830?
1
What is the tens digit of 3329?
2
What is the units digit of 1308?
8
What is the units digit of 4623?
3
What is the hundreds digit of 2017?
0
What is the units digit of 34?
4
What is the tens digit of 6450?
5
What is the hundreds digit of 3107?
1
What is the tens digit of 12851?
5
What is the units digit of 52694?
4
What is the tens digit of 681?
8
What is the units digit of 187049?
9
What is the ten thousands digit of 19970?
1
What is the hundreds digit of 40918?
9
What is the tens digit of 28326?
2
What is the thousands digit of 3038?
3
What is the tens digit of 8417?
1
What is the hundreds digit of 10255?
2
What is the units digit of 135?
5
What is the units digit of 4904?
4
What is the tens digit of 3110?
1
What is the thousands digit of 131658?
1
What is the thousands digit of 24088?
4
What is the hundreds digit of 11757?
7
What is the ten thousands digit of 22293?
2
What is the units digit of 45411?
1
What is the units digit of 9914?
4
What is the hundreds digit of 12043?
0
What is the units digit of 71027?
7
What is the tens digit of 26?
2
What is the tens digit of 12285?
8
What is the tens digit of 1588?
8
What is the hundreds digit of 591?
5
What is the thousands digit of 17908?
7
What is the thousands digit of 95012?
5
What is the tens digit of 2440?
4
What is the tens digit of 7865?
6
What is the thousands digit of 1179?
1
What is the units digit of 909?
9
What is the hundred thousands digit of 149915?
1
What is the ten thousands digit of 40872?
4
What is the tens digit of 595?
9
What is the hundreds digit of 308?
3
What is the units digit of 7761?
1
What is the tens digit of 2962?
6
What is the tens digit of 242?
4
What is the hundreds digit of 116?
1
What is the units digit of 936?
6
What is the tens digit of 7510?
1
What is the tens digit of 186?
8
What is the hundreds digit of 2178?
1
What is the tens digit of 2092?
9
What is the thousands digit of 3161?
3
What is the thousands digit of 2250?
2
What is the tens digit of 804?
0
What is the tens digit of 4164?
6
What is the units digit of 502?
2
What is the hundreds digit of 7254?
2
What is the thousands digit of 40099?
0
What is the thousands digit of 13525?
3
What is the units digit of 410?
0
What is the thousands digit of 5128?
5
What is the tens digit of 1454?
5
What is the tens digit of 89?
8
What is the hundreds digit of 8718?
7
What is the tens digit of 1020?
2
What is the hundreds digit of 219?
2
What is the units digit of 15744?
4
What is the thousands digit of 15604?
5
What is the units digit of 130247?
7
What is the thousands digit of 9581?
9
What is the ten thousands digit of 72043?
7
What is the units digit of 92861?
1
What is the hundreds digit of 25651?
6
What is the thousands digit of 1017?
1
What is the units digit of 14869?
9
What is the tens digit of 73268?
6
What is the units digit of 28994?
4
What is the thousands digit of 11029?
1
What is the units digit of 897?
7
What is the units digit of 1659?
9
What is the units digit of 4748?
8
What is the tens digit of 2045?
4
What is the hundreds digit of 3968?
9
What is the tens digit of 13161?
6
What is the hundreds digit of 697?
6
What is the tens digit of 283?
8
What is the tens digit of 416?
1
What is the hundreds digit of 431?
4
What is the ten thousands digit of 22696?
2
What is the ten thousands digit of 66879?
6
What is the hundreds digit of 7675?
6
What is the tens digit of 1061?
6
What is the tens digit of 1107?
0
What is the units digit of 68710?
0
What is the thousands digit of 19709?
9
What is the units digit of 438?
8
What is the tens digit of 2670?
7
What is the thousands digit of 4416?
4
What is the tens digit of 16568?
6
What is the hundreds digit of 1512?
5
What is the hundreds digit of 38215?
2
What is the units digit of 37801?
1
What is the tens digit of 539?
3
What is the ten thousands digit of 29772?
2
What is the units digit of 10846?
6
What is the hundreds digit of 613?
6
What is the hundreds digit of 438?
4
What is the tens digit of 127898?
9
What is the hundreds digit of 593?
5
What is the ten thousands digit of 11350?
1
What is the ten thousands digit of 120845?
2
What is the hundreds digit of 80259?
2
What is the tens digit of 11956?
5
What is the tens digit of 562?
6
What is the tens digit of 4214?
1
What is the units digit of 677?
7
What is the thousands digit of 8298?
8
What is the units digit of 18971?
1
What is the units digit of 493?
3
What is the hundreds digit of 1383?
3
What is the hundreds digit of 4491?
4
What is the thousands digit of 3575?
3
What is the tens digit of 22826?
2
What is the hundreds digit of 28039?
0
What is the thousands digit of 61895?
1
What is the tens digit of 61?
6
What is the hundreds digit of 18018?
0
What is the units digit of 924?
4
What is the thousands digit of 3275?
3
What is the tens digit of 5237?
3
What is the hundreds digit o